70. Suppose -14 = 5*y - j. Suppose 0*o = 2*o - y. What is the units digit of o?
5
Let i be -2 - (-3 + 0 + 1). Let z(q) = -q**2 + 4. Let l be z(i). Suppose -2*p + l*u = -36, -3*p + 3*u + 21 = -2*p. What is the units digit of p?
2
Let s = 2 - -1. Let l be 116/14 - (-2)/(-7). Let v = l - s. What is the units digit of v?
5
Suppose -17 = -2*n + 4*d - 5, -3*d - 23 = 2*n. What is the units digit of 2*1/n*-2?
1
Let x(g) = -g**3 - 2*g**2 - 3*g. Suppose 2*i - 8 = 6*i. Let s be x(i). Suppose 4*d + 2*h = -s, 2*d - 3*h - 10 - 7 = 0. What is the units digit of d?
1
Let i(p) = 4*p**2 + 5*p - 1. Let j(o) = 4*o**2 + 4*o - 1. Let h(t) = 4*i(t) - 5*j(t). Let k be h(2). What is the units digit of 18/k*40/(-6)?
8
What is the units digit of 4/26 - (-9702)/143?
8
Let f(u) = 2*u + 5. What is the units digit of f(5)?
5
Let j = -5 + -1. What is the units digit of 0/(-2) + (-1 - j)?
5
Suppose 7*h - 237 + 76 = 0. What is the tens digit of h?
2
Let m(z) = 27*z**3 + 2*z**2 + z - 2. Let c = 15 + -14. What is the tens digit of m(c)?
2
Let u = 933 - 642. What is the units digit of u?
1
Let k = -11 - -15. What is the units digit of (4/(-3))/(k/(-30))?
0
Let j(x) = -6*x + 2 + 3 + 21*x - 4. What is the tens digit of j(1)?
1
Suppose 6*y + n + 106 = 9*y, -3*y + 100 = -4*n. What is the units digit of y?
6
What is the units digit of (136/(-3))/(2/(-3))?
8
Let b(t) = -t + 5. Let k(s) = -s + 1. Let d be k(-3). Let m(j) = -j**3 + 3*j**2 + 5*j. Let o be m(d). What is the units digit of b(o)?
1
Suppose -5*j + 2*j = 0. Suppose -5*t - l + 27 = 0, 0 = -3*t - 3*l - j*l + 21. Suppose 3*w - 36 = -2*m, -t*w - 4 = m - 22. What is the tens digit of m?
1
What is the units digit of -5*(-1)/(20/68)?
7
Suppose 3*n + y + 7 = 2*n, 3*n + 2*y = -18. Let h(s) = 5 + 0 + s + 0. What is the units digit of h(n)?
1
Suppose 2*y - 1 + 3 = 0. What is the units digit of 2/y*(-3)/3?
2
Suppose f - 90 = 75. What is the tens digit of f?
6
Let x(w) = w**2 - w + 7. Let d be x(8). Let i = d + -38. What is the units digit of i?
5
Let t = -21 - -39. Let p = t + 19. What is the tens digit of p?
3
Let b(l) = -10 - 8*l**2 - 2*l**3 + 0 + l**3 - 3*l. What is the units digit of b(-8)?
4
Suppose 4*f - 4 - 16 = 0. Suppose 0 = f*n + 4*u, -18 = -5*n - u - 3. What is the units digit of n?
4
Let s(o) = o + 3. Let m be s(-6). Let v be m + (9 - 1) + -1. Suppose -3*b + v*b = -5*x + 22, -5*x = 0. What is the units digit of b?
2
Let s(k) = -k**2 + 10*k - 9. Let g be s(9). Suppose -10 = -n - g. Let r(j) = 2*j - 5. What is the units digit of r(n)?
5
What is the units digit of (-2 - 1)*(-14)/1?
2
Suppose k + 1 + 3 = 0, 3*f + 3 = -3*k. What is the units digit of f?
3
Let t = 14 + -34. Let k = t - -28. What is the units digit of k?
8
Let o = 50 + -24. What is the tens digit of o?
2
Let l = 81 - -9. What is the units digit of l?
0
Let s(t) be the second derivative of t**4/12 + 7*t**3/6 + 6*t**2 - 5*t. What is the units digit of s(-6)?
6
Let d(j) be the second derivative of -j**3/6 + 9*j**2/2 + j. What is the units digit of d(6)?
3
What is the units digit of (4 + -1)*(-572)/(-33)?
2
Let w(c) = 22*c**2 - 7*c + 5. Let n(b) = -33*b**2 + 11*b - 8. Let p(s) = 5*n(s) + 8*w(s). What is the tens digit of p(1)?
1
Suppose -2*k = k - 5*q - 168, 2*k - 137 = -5*q. What is the tens digit of k?
6
Suppose -6*s = 3*q - s - 53, -2*q + 44 = -s. Let y = -16 - -1. Let h = y + q. What is the units digit of h?
6
Suppose -4*v + 224 = 4*m - 2*v, -4*v + 286 = 5*m. What is the tens digit of m?
5
Let t(b) = -4*b - 1. What is the units digit of t(-2)?
7
Let v be (-10)/(-2) + -1 + 0. Suppose -3*k = -4*y - 11 + 28, 22 = v*y + 2*k. Suppose 4*h - 5*o = y, -2*o - 1 = -5*h + 18. What is the units digit of h?
5
Suppose 4*h - 75 = -3*k, -5*h + 79 = 3*k - 17. Let r = -14 + h. What is the units digit of r?
7
Let p = -7 - -14. Let s = p - 4. Suppose 19 = 4*y + s*c - 30, 4 = -4*c. What is the units digit of y?
3
Let h(s) = s + 7. Suppose -4*l - 18 = -a + 4, -2*a = -l - 9. Let p be h(l). What is the tens digit of 4*(18/4 - p)?
1
Let z = -13 - -6. Let p = z - -11. Suppose p*j = j + 27. What is the units digit of j?
9
Let b = -8 - -11. Suppose 0 = -b*r - r. Suppose -4*y - g + 27 = -y, r = 5*g. What is the units digit of y?
9
Suppose 2*z = f - 2, 18 = -z - 3*z - 5*f. What is the tens digit of 696/44 + z/(-11)?
1
Let p = 61 + -35. What is the units digit of p?
6
What is the tens digit of 2/13 - (-6)/(-156)*-2778?
0
Let o = 52 + -23. What is the units digit of o?
9
Let g(r) = r**2 - 4*r. What is the tens digit of g(-3)?
2
Let y(o) = -19*o**2. Let a be y(1). What is the units digit of 2 + (2 - 1) - a?
2
Suppose 5*b - 2 = 8. What is the units digit of (-9)/b*(-2)/3?
3
Let g = 7 + 3. Let x = -3 + g. What is the units digit of x?
7
Let j = 387 + -183. What is the tens digit of j?
0
Let r(x) = -39*x**3 + 8*x**2 + 11*x + 3. Let b(g) = 13*g**3 - 3*g**2 - 4*g - 1. Let i(j) = -11*b(j) - 4*r(j). What is the units digit of i(1)?
3
Let o = 7 + -16. What is the units digit of (-146)/o + 18/(-81)?
6
Let t = -30 + 55. What is the tens digit of t?
2
Let o(y) = -y**3 - 9*y**2 - 8*y + 2. Suppose -4*p + 2*q = 24, 0 = 4*p - 3*q + 13 + 11. Let c be o(p). What is the units digit of c/(-8) - (-1)/(-4)?
7
What is the units digit of 24 + -3 + 0/(-2)?
1
Let s(m) = -185*m**3 - 2*m**2 - 2*m - 1. What is the hundreds digit of s(-1)?
1
Let w be (1/(-2)*-2)/1. Let a(g) be the first derivative of 4*g**2 - g - 3. What is the units digit of a(w)?
7
Let t = 2 - 2. Suppose 3*n - 5*n + 8 = t. Suppose 2*r + 4*p - 10 = -0*p, 8 = n*r + 2*p. What is the units digit of r?
1
Let y be (2/(-4))/(1/4). Let s(i) = -i + 4. Let q be s(7). What is the units digit of (-1)/(-2) + q/y?
2
Let c(f) = -f**3 - 6*f**2 - 3*f - 3. Suppose -14 - 11 = 5*p. Let j be c(p). Let w = j + 21. What is the units digit of w?
8
Let n = -3 + 10. Suppose 4*i = -j - 5 + 2, i = j - n. What is the units digit of j?
5
Let y = -6 - -32. What is the units digit of y?
6
Suppose 0 = n - 4*p + 14, n - 12 = 3*n - 4*p. Let t(c) = -1 + 4 + 2*c + 2*c**2 + n*c. What is the units digit of t(-2)?
3
Suppose n + 4*f - 10 = -0*f, 2*n + 6 = 5*f. What is the units digit of (n + -4)/((-2)/8)?
8
Suppose x + 2*x = -6. What is the units digit of -1 - x/(-4)*-4?
1
Let j = -24 + 89. What is the tens digit of j?
6
Let z be 1/(-3)*45/(-3). Let l = 18 - z. What is the tens digit of l?
1
Suppose 4*p - p - 63 = 0. Let d be (-88)/(-14) + (-6)/p. Let j = d - -1. What is the units digit of j?
7
Let y(m) be the third derivative of -m**6/120 + m**5/20 + m**4/8 - m**3/3 - m**2. What is the units digit of y(3)?
7
Let b(f) = 3*f - 2. Let i be b(7). Suppose 4*x - i - 1 = 0. Suppose -4*h + 53 = x*v - 15, -42 = -3*v - 3*h. What is the units digit of v?
2
Let f be 249/(-18) - (-2)/(-12). Let b = f + 30. What is the tens digit of b?
1
Let u be (-3)/(-2) - (-2)/4. Let y be (-1)/(-2)*u + 8. What is the units digit of 0 - ((-2)/(-1) - y)?
7
Let h(d) = -16*d + 3. What is the tens digit of h(-4)?
6
Let b(n) = 3*n - 1. Let q be b(1). Let w be (7 - 0) + (2 - q). Let u = w + -2. What is the units digit of u?
5
Suppose -m - 2*m = -138. What is the tens digit of m?
4
Let h(x) = -x**2 + 12*x - 15. Let c be h(12). Let z = -6 - c. What is the units digit of z?
9
Let g(h) be the third derivative of h**5/30 + h**4/12 + h**3/6 - 3*h**2. What is the units digit of g(-2)?
5
Suppose 5*c - 189 = 26. Let t(a) = a**2 - 2*a + 2. Let l be t(3). Suppose 8 = -l*v + 5*k + c, 4*v + 2*k = 34. What is the units digit of v?
8
Suppose 2*g + 11 - 1 = h, g = -5*h + 17. Let d(y) = -y + 5. Let i be d(0). Suppose i*j - h*j = -f + 3, f - 3*j = 19. What is the units digit of f?
7
Let h(m) = -m**3 - 11*m**2 - 2*m - 15. Let a be ((-33)/9)/((-2)/(-6)). What is the units digit of h(a)?
7
Let m be ((-111)/(-15) - 1)/(4/10). Let z = 0 + 0. Suppose z = 5*a - m - 29. What is the units digit of a?
9
Let u(i) = -i + 7. Let t(s) = -1. Let k(z) = z**3 - 5*z**2 - 4*z - 6. Let d(h) = -k(h) - t(h). Let l be d(6). What is the tens digit of u(l)?
1
Let t be (6 - (3 + 0)) + 1. Suppose -b + 13 = -3*a - t, -4*a = -8. What is the tens digit of b?
2
Let q be (2 + -2)*2/(-6). Suppose 0 = 5*f - q*f - n - 84, 3*f - 52 = n. What is the tens digit of f?
1
Let h = -114 - -188. What is the units digit of h?
4
Let c be 60/14 + (-6)/21. Suppose m - 14 = 2*f, c*f + 4*m + 17